(i) = 2*o(i) + 11*p(i). Let y be l(7). Suppose 0 = s - 3, -4*t + y = -s - 19. What is the units digit of t?
0
Let b be (-24)/(-14)*14/4. Let c(x) = x**2 - 5. What is the units digit of c(b)?
1
Let z be 26/2 + 0/(-4). Let l = z + -3. What is the tens digit of l?
1
Let m = -29 - -34. Let a(w) = 3*w**2 - 6*w + 1. Let y(t) = 16*t**2 - 31*t + 4. Let l(d) = 11*a(d) - 2*y(d). What is the units digit of l(m)?
8
Suppose 7 = 3*m - 8. Suppose -75 = -0*v + m*v. What is the units digit of v/((-3)/1) - 0?
5
Let a(r) = r**2 - 4*r - 4. Suppose 0 = -2*d - 2*d + 16. Let u be 30/4*d/5. What is the units digit of a(u)?
8
Suppose 24 = 2*k + k. Suppose -1 - 15 = -4*s - 5*v, 2*s = 4*v + k. Suppose 0 = s*g - 20, 4 = 3*i + 5*g - 51. What is the tens digit of i?
1
Suppose -4*a + 16 = -2*w, -5*a + 3*w + 10 = -12. Let z be -10*3/(-4 - a). Let m = -1 + z. What is the units digit of m?
4
Suppose 4*o + 324 = 3*a - 0*o, o = 5*a - 540. What is the tens digit of a?
0
Let r(j) = 4*j**3 + 7*j**2 + 5*j + 7. Let c(x) = -5*x**3 - 7*x**2 - 4*x - 8. Let h(v) = 5*c(v) + 6*r(v). What is the units digit of h(8)?
8
Let k(b) = -b + 3. Let d be k(5). Let s be -1 + d/1*3. Let t(v) = v + 12. What is the units digit of t(s)?
5
What is the units digit of 4382/42 + 1*1/(-3)?
4
Let d(m) = m**3 - 7*m**2 + 5*m + 7. Let t be -4 + 14 + 1 + -2. Suppose 0 = 3*h - 9 - t. What is the units digit of d(h)?
1
Let z(i) = -i**2 - 14*i + 18. What is the units digit of z(-8)?
6
Let s(l) = 9*l + 12. Let k(o) = 3*o + 4. Let q(j) = -7*k(j) + 2*s(j). Let g be q(-3). Suppose -2*n - g = -11. What is the units digit of n?
3
Let w = -62 + 140. What is the units digit of w?
8
Let h be 2/3 + (-322)/(-21). Let x = h - 1. What is the units digit of x?
5
Let c = 7 + -11. What is the units digit of (-32)/(-18) + c/(-18)?
2
Suppose -114 = -47*z + 44*z. What is the tens digit of z?
3
Let j(g) = g**2 + 4*g - 9. What is the units digit of j(6)?
1
Let w = -3 - -11. What is the units digit of w?
8
Let u(l) = -l**3 - l**2. Let x be u(0). What is the units digit of 20 + (x - (3 - 1))?
8
Suppose 5*y - 28 = -o, 5*o - 246 = -4*y - 64. What is the tens digit of o?
3
Let l(j) = -j**2 - 7*j - 5. Let q(t) = t**3 - 4*t**2 - 6*t. Let p be q(5). What is the units digit of l(p)?
5
Suppose -480 = -7*p - p. What is the tens digit of p?
6
Let t(o) be the second derivative of -o**3/2 - 11*o**2 - 6*o. What is the tens digit of t(-15)?
2
Suppose -6*k = -23*k + 3808. What is the units digit of k?
4
Let y(i) = 7*i**2 - i + 2. Let f be y(2). Suppose 0 = -3*g + 4 + 2. Suppose 3*a + 15 = 0, a = g*p - a - f. What is the units digit of p?
9
Let t(c) = -c**2 + 8*c - 3. Let l be t(7). Suppose l*z + 4*k - 3 = 21, 9 = -3*k. Let j(g) = g - 6. What is the units digit of j(z)?
3
Suppose -4*z + 66 = 14. Let v = z + 4. What is the tens digit of v?
1
Let y(q) = q + 3 + q + q**2 - 5*q. Let d(g) = -g - 1. Let b be d(-3). What is the units digit of y(b)?
1
What is the units digit of (-3)/((-5)/1570*3)?
4
Let x(i) = -2*i**3 - 17*i**2 - 17*i - 13. Let p(b) = b**3 + 9*b**2 + 9*b + 7. Let s(w) = 5*p(w) + 3*x(w). What is the units digit of s(-5)?
1
Let b be 16/(-4*1/(-6)). Suppose -5*h = -h - b. What is the units digit of h?
6
Suppose 3*s = -s + 4. What is the units digit of (s/3)/(3/99)?
1
Let w(z) = z**2 + 8*z - 3. Let x be w(-9). Let h(f) = f**3 - 7*f**2 + 9*f - 5. What is the units digit of h(x)?
3
Suppose -5*r + 310 = -2*u, -3*r + u + 2*u = -177. What is the tens digit of r?
6
Let s(u) = 0*u**2 - 1 + 13*u - 8*u**2 + u**3 + 0*u**3 - 4*u. What is the tens digit of s(7)?
1
Let p be (-1 + -3)/2 + 3. Suppose 0 = 3*o - 10 + p. What is the units digit of o?
3
Suppose 0 = u - 2*w - 25 - 15, 0 = 4*u - 3*w - 180. What is the units digit of -5*1*u/(-15)?
6
Let p(h) = -h**2 + 4*h - 2. Let t be 7 + 5/(15/(-6)). Suppose 5*s - 1 = 3*i, 4*i - 22 + 0 = -t*s. What is the units digit of p(s)?
2
Let x = 14 - 5. Suppose t + 3 = x. What is the units digit of t?
6
Let s = -48 + 222. What is the hundreds digit of s?
1
Suppose -3*q = -5*j - 3 - 2, 0 = -4*q - 5*j - 5. Suppose 2*w - 4*w + 40 = q. What is the tens digit of w?
2
Let o = 13 - 9. What is the units digit of o?
4
Suppose 1 = 2*k - 3. Suppose -5*c - 2*o = 53, -o + k*o = -4. Let w = c + 19. What is the units digit of w?
0
Suppose -3*p + 10 = -23. Let x = 15 - p. What is the units digit of x?
4
Let f = -161 - -90. Let w = -35 - f. Suppose -6*l = -3*l - w. What is the units digit of l?
2
Let s(g) = 3*g + 1 - 1 + 2*g**2 - 4. What is the units digit of s(-4)?
6
Let j = 603 + -355. What is the hundreds digit of j?
2
Let x be (-2)/7 - 76/28. Let s = 11 + x. What is the units digit of s?
8
Let f(s) = s**2 + s + 109. What is the tens digit of f(0)?
0
Let a = -14 + 28. Suppose -4*u + a = -2*v, 8 = u - 2*v - 3. Suppose q + 0*q = u. What is the units digit of q?
1
Let u(t) = t**3 - 9*t**2 + 9*t + 2. Let i be u(8). Suppose 4*a = 2*v - i - 58, 4*a = 3*v - 104. Suppose -5*n = -n - v. What is the units digit of n?
9
Suppose -5*d = -6 - 29. Suppose -15 = -c + 5*g, 5*c = 4*g - d*g + 47. What is the tens digit of c?
1
Suppose 4*l + 5 + 3 = 0, -3*v - 4*l = -10. What is the units digit of v?
6
Let t(w) = w**2 - 11*w + 3. What is the units digit of t(12)?
5
Suppose -6*o + 2*o + 20 = 0. Suppose o*s = -21 + 66. What is the units digit of s?
9
What is the units digit of (-127)/(-5) + (-2)/5?
5
Let b = 76 + -25. What is the units digit of b?
1
Suppose 0 = -3*b + 6, 4*l - 3*b = 126 + 128. What is the tens digit of l?
6
Let o be ((-4)/3)/((-6)/(-27)). Let g(m) = m**2 + 6*m + 2. Let h be g(o). Suppose -t + 3*t - 9 = -3*b, 3 = b + h*t. What is the units digit of b?
3
Let m(d) = -d**2 - 7*d + 7. Let y be m(-7). What is the units digit of (-2)/y + 58/7?
8
Let j = 5 + -3. What is the units digit of j?
2
Let o = -15 + 17. Suppose o = 4*r - 2. What is the units digit of r?
1
Let h = -20 - -12. Let n = h + 17. What is the units digit of n?
9
Let b(z) = 4*z - 15. Suppose -3*n + 8*n - 30 = 0. What is the units digit of b(n)?
9
Let w(b) = -4*b - 19. What is the units digit of w(-15)?
1
Let c = -5 - -5. Let z(w) = -w + 11*w + c*w**2 + 0 - w**2 - 3. What is the units digit of z(9)?
6
Let c(v) = v**3 + 12*v**2 + 14*v + 24. What is the units digit of c(-8)?
8
What is the tens digit of 11 + (-3 - (-1 + -3))?
1
Let z be 2/11 + 277/(-11). What is the units digit of 5/z + (-82)/(-10)?
8
Suppose -2*h + i + 2*i + 48 = 0, -2*h = 3*i - 72. Suppose -4*p + 5*z = -15, 0 = 5*p - 4*z - 0*z - h. What is the units digit of (3 - 1) + -3 + p?
9
Let v = 5 + 35. What is the tens digit of v?
4
Suppose 0 = 5*y - j - 178, 3*j + 30 = -3*y + 126. What is the tens digit of y?
3
Suppose 220 = -5*v + 9*v. What is the tens digit of v?
5
Let s(t) = -t**3 - 5*t**2 - 4*t + 2. Let d be s(-4). Let h be ((-8)/(-14))/d*7. Suppose 0 = -2*n + h + 18. What is the tens digit of n?
1
Suppose 2*u + 16 = 2. Let n(t) = -t**3 - 8*t**2 - 7*t + 3. What is the units digit of n(u)?
3
Let i(c) = 3*c**3 - 2*c**3 - 2*c**2 + 0*c**2 + 4. What is the units digit of i(4)?
6
Let s = -20 - -40. What is the tens digit of s?
2
Let h(u) = u**3 + 5*u**2 + 2*u - 4. Let m = 2 + 3. Suppose m*j = -3*r - r - 11, 3*r - 18 = 5*j. What is the units digit of h(j)?
8
Suppose -5*n + 4*r = 40, 2*r + 2*r - 20 = 0. What is the units digit of 2/(-3)*54/n?
9
Suppose 3 - 1 = -4*r + 2*u, 3*r - 3*u = 3. Let o be (r + -1)/(12/(-4)). Suppose -l - 4*b - 8 + o = 0, 0 = -5*l + 2*b + 9. What is the units digit of l?
1
Let q be (2 - 1) + 3/1. Let x(p) = -p**2 - 6*p + 2. Let a be x(-4). Let k = a - q. What is the units digit of k?
6
Suppose 8*i - 3*i = -2*m + 259, 5*m - 656 = -4*i. What is the units digit of m?
2
Let x(v) = v**2 + 3*v. Let m be x(-4). Let u = -24 + 25. Suppose 0 = -m*k + 19 + u. What is the units digit of k?
5
Let j(b) = -2*b**2 - 9*b - 4. Let v be j(-4). Suppose -4*p = -3*p + 2. What is the units digit of 3 - p - v - -1?
6
Let y(l) = 2*l + 8. Suppose 0 = b + 2*g + 2, -b - g + 5*g = -22. What is the tens digit of y(b)?
2
What is the tens digit of (4 + -1)*((-2 - -4) + 3)?
1
Suppose 2*u + 30 = 7*u. Suppose -3*r = -0*r - u. Suppose -r*k + 15 = 3*k. What is the units digit of k?
3
What is the tens digit of (-72 + (-3)/(-3))*-1?
7
Let o be -3 + 1 + 5 + 0. What is the tens digit of 15 - (o - 2)*-1?
1
Suppose 2*j - j = -44. What is the tens digit 